 (-15 - -2 - -1) + (-144 - -142)
-13
Calculate (-42 - -55 - 65) + (3 - (9 - (2 - 5))).
-61
What is the value of (34 - (158 - 52)) + (-16 - (-7 + 11))?
-92
Calculate 1 + 66 + -73 + 1.
-5
Evaluate -4 - (-39 + 121 - 67).
-19
Calculate -36 + (-84 - -101) + -39.
-58
What is the value of 5 + (2 - 4) + -60 + 19?
-38
Calculate 102 - (86 - 9 - -69).
-44
What is the value of -13 + (6 - 3) + (2098 - 2087)?
1
What is (-3 - (-24 + 32) - -35) + (8 - -2)?
34
Calculate 184 + 7 + -117 + 27.
101
What is 1 + 8 - (-29 + 54 + -17)?
1
Evaluate (33849 - 33859) + (-1 - (0 - 0) - (2 + 0)).
-13
Evaluate -14 - (6 + -13 + 31 + -30 + (1 - -11)).
-20
Calculate 12 + (109 - 68) - 56.
-3
Calculate -21 + 37 + -52 + 70 + -36.
-2
Calculate (-6 - 14) + (16 - 35) + 17.
-22
What is 2 + (0 - -9) + -981 + 937?
-33
-14 + 57 + -60 + 0 + -13
-30
Evaluate -9 - (4 + 8 + (-7 - 0) + -7) - 9.
-16
Calculate 66 + (-14 - (-26 + -7 - -3)).
82
What is (-1 + -10 - -8) + 8 - (12 + -86 - 6)?
85
What is the value of (31 - 46) + (-84 + 0 - (-93 + 87))?
-93
Calculate -2 - (9 - (-27 + 0)).
-38
What is the value of -5 - (-110 + -14 + 90)?
29
(-5 - -11) + (-186 - -212)
32
67 + -23 + 10 + -101
-47
What is the value of -62 - (1 + 0 + (0 + -61 + 31 - -20))?
-53
Evaluate 27 - (5 - -23) - (4 - -1 - 23).
17
What is (-41 - -72) + -21 + 61?
71
Calculate 82 + ((-4 - -13) + 12 - (-6 + 4) - 12).
93
What is (13 - 15) + -20 + (21 - 7) + 56?
48
(34 - 17 - 44) + 17
-10
Calculate 46 - (-11 + 35 + -23 + 20).
25
Evaluate (39 + -9 - 5) + (-1 - -31).
55
-111 + 95 + -9 + 57
32
Evaluate -28 + 4 + 64 + -69 + 9.
-20
Calculate 72 + -182 - -128 - (8 - -4).
6
Calculate (-39 - (-16 + -8)) + 27 + 17.
29
What is -10 + -16 + (-35 - -40) - 25?
-46
Calculate (1171 - 1175) + -1 + -48.
-53
What is -8 - (-41 + 7) - (-286 + 354)?
-42
What is the value of -3 - (-33 + 4) - (-33 + 6 + 20)?
33
Calculate -16 + 136 + (-133 - 0).
-13
What is the value of 18 + (-42 + 62 - 52)?
-14
Calculate -67 + -3 + -1 + -1 + 39 + (-4 - 32).
-69
Evaluate 24 - -8 - (92 + -13).
-47
What is (-59 - (-125 + 57)) + -51?
-42
Calculate (-34 - -11 - -39) + -48.
-32
Evaluate -36 - (-45 + 55 + 2 + -1 + -2).
-45
11 - -30 - 21 - ((5 - 0) + 5) - 98
-88
Calculate -216 + (236 - (89 - -43)).
-112
What is 386 + -364 - 16 - (129 + 2 + 0)?
-125
Evaluate (103 - 82 - 12) + (-3 - (-38 - (-2 - 2))).
40
1 - (-43 + (83 - 10))
-29
-2 + (5 + 4 - (-4 + 15)) + -3 - -41
34
What is (6 - (7 - 2)) + -3 + (-7 + -1 - 46)?
-56
Evaluate -14 - (-33 + -23 + 22 + -32 - (3 - 0)).
55
What is the value of -5 + 12 + 0 + 5 + -79 + 4?
-63
What is -188 + 133 - (-152 + -32)?
129
What is the value of -17 + -10 + 29 + 2?
4
Calculate -15 + -18 + 11 - (-183 - -71).
90
Evaluate 46 + (-23 - 4) - 13.
6
What is the value of (-36 - -23) + 13 + -36?
-36
What is the value of 1 - 42 - (11 - (-22 - (-50 - -29)))?
-53
Evaluate (0 - ((-26 - -7) + 12)) + (-21 - -1).
-13
Calculate 53 - (56 - 56 - 1).
54
Calculate -9 - (-3 - -3) - (-10 + -62 + (21 - 5)).
47
Evaluate -15 + 4 - (35 + (44 - 52) - -56).
-94
Calculate (19 - 6) + -14 + 75.
74
-23 + -71 + 55 + 43
4
What is the value of (-12 - (-25 - -27)) + 37 + (-10 - -3)?
16
What is -3 + (-4 - ((7 - 16 - -22) + (-17 - 0)))?
-3
What is (-2527 - -2565) + (-74 - 0) - (0 + 21)?
-57
What is the value of -4 + -2 + 9 + 10 - (119 - (57 + -46))?
-95
What is the value of (11 + -25 + 6 - (-5 - -9)) + 2 + -63?
-73
0 + 97 - 1 - (-45 + (14 - -26))
101
Calculate -17 + 1 + -1133 + 1191.
42
Evaluate -9 - (-31 + 2 - (502 + -582)).
-60
-3 - (-19 + (-14 - -36) + -1 - -139)
-144
What is 0 + -37 + (32 - 20) + -2 + 3 + -16?
-40
95 + (-124 - -71 - 11)
31
What is the value of 6 + 40 + (82 - 96)?
32
Evaluate 36 + 2 + -68 + 85.
55
Evaluate (-28 + 122 - 73) + -8.
13
Evaluate -15 + (12 - 5) - (5 + (-92 - 18)).
97
What is the value of 38 - (93 + -36) - -28?
9
(3 - (31 - (8 + 9))) + (2 - 2 - -60)
49
What is the value of -3772 + 3768 + (0 - -52)?
48
Evaluate 0 + (18 - (65 + -36) - (-2 + 1)).
-10
Calculate 7 + 9 + (-1888 - -1921).
49
What is the value of -1 - 0 - (78 + -110) - (-7 - -5)?
33
What is ((-7 - -17) + -43 - -46) + 56 + (4 - 3)?
70
What is the value of 34 - (10 - -17) - (65 + 8)?
-66
What is the value of 40 + (4 - (-18 + -2)) + (331 - 344)?
51
4 - (-2 + 17) - (9 + (-11 - 39) - 8)
38
Evaluate 7 + (-23 - -89 - 61).
12
What is -19 - ((39 - (18 + 66)) + 5)?
21
What is the value of (-12 - -12) + 5 + -6 - -48?
47
What is (-1 - -4 - 11) + ((17 - 34) + 28 - -57)?
60
What is the value of (-16 - -24) + (-12 - 1) - (-3 - 42)?
40
3 - (38 - 12) - -88 - 12
53
Calculate 2 + 69 + -85 + 19 + (-14 - -11).
2
Evaluate 56 + -6 + ((4 - -7) + (-26 - -3) - -8).
46
What is (-32 - -15) + (-27 - (-49 - 11))?
16
What is 17 - (-36 + -2 - (-76 + 61))?
40
What is the value of -25 + (-10 - (-67 + 52))?
-20
What is the value of -48 + -41 + 33 + 99?
43
What is the value of (34 - 29) + -12 - (-43 - -4 - -4)?
28
Evaluate 16 + 14 + -9 + -9 + 15.
27
What is -53 - (-133 + 141 - (-1 + 2 + -7) - 23)?
-44
-12 + 5 - 5 - -6 - (-129 + (2 - -35))
86
What is the value of 9 - ((4 + 7 - 2 - 10) + -1)?
11
What is the value of -12 + -13 + 6 - (-259 + 275)?
-35
-2 + 1 - -10 - 14 - (0 - 9)
4
Calculate (-45 - (-57 - -79)) + -12.
-79
Evaluate (0 - -38) + -41 + 59 + (-9 - 22).
25
What is 7 + (-6 - (76 - 12)) + 21?
-42
What is -17 + 0 + 3 + (-11 - (-11 + 12))?
-26
What is the value of 0 + 0 + (-5 + 18 - 31) - 78?
-96
76 + -7 + -106 + 78
41
Evaluate 8 + 4 + 98 + (14 - (35 - -2) - -12).
99
74 + (-45 - -6 - -25)
60
Calculate (-10 - (-29 + 28)) + (1 - (-58 + -2 + 0)).
52
Calculate (144 + -173 - (-13 + -2)) + -3.
-17
Calculate -9 + 59 + (1177 - 1122).
105
Evaluate 33 - (0 + (-10 - (-21 - -8)) + -7).
37
What is -36 - (8 + (-71 - 22))?
49
What is the value of (7 - (-123 - 9 - -10)) + -38?
91
What is -19 + (-12 - (12 - 27) - -56)?
40
0 + 15 + -7 - (-30 - -16)
22
Evaluate -96 + (156 + -137 - -55).
-22
Calculate -1 + 3 + 5 - (406 - 407).
8
What is the value of -221 + 245 - 91 - (-2 - 28)?
-37
Evaluate (22 - 62) + -19 + 15 + 20.
-24
-14 + -2 + (157 - (-151 - -314))
-22
(4 - 25) + -372 + 400
7
Calculate 2 - (-19 + 9 - -2) - (3 - -34).
-27
-11 + 10 + -5 + 9 + -9 + (68 - 0)
62
What is the value of -17 + 79 + -63 + 6 + -2?
3
Evaluate -7 - -6 - -94 - (20 - -5).
68
What is -96 + (-88 - -53) - (-20 - -1)?
-112
-3 - (11 - (11 - 29 - -35))
3
-1 - (-8 + -4 - -2) - (8 - (53 - 8))
46
Calculate -3165 + 3218 - (49 + -1).
5
Calculate (-16 - 6) + -13 + (-11 + 6 - -10) + 14.
-16
What is -5 + -7 + 13 + -90 + 61?
-28
Evaluate -19 + (44 - (30 + 12)).
-17
40 + 16 + -51 + (3 - 86) + 2 + 11
-65
Evaluate 16 + 34 + 7 + -89.
-32
Calculate -48 - -9 - (-56 - 48) - 31.
34
8 + (9 - -1) - (4 + -5 + 46)
-27
Calculate 89 + -155 + (-26 - -70).
-22
68 + (-69 - (-10 + 45))
-36
Evaluate (22 - 2 - (1 + (-95 - 31))) + -17.
128
What is 0 + 16 + -23 - (0 + 0 + 41 + -200)?
152
What is (15 + 1 - (80 - 43) - -85) + 3?
67
What is the value of (40 - (13 - 2)) + 1 + -2 + 1?
29
What is the value of (-4 - -98) + -144 + 143?
93
-35 + (-74 - -65) + 88
44
Evaluate 17 - (2 - 2 - (-7 - (-12 + (7 - 9)))).
24
What is -26 + -4 + 61 + -30 + 20?
21
What is -6 + ((6 - (-13 + 26)) + (9 - 0) - -9)?
5
What is (-4 - 3) + (-45 - -65) - (23 - 97)?
87
What is the value of 14 + 0 - (4 - ((-18 - -32) + -2))?
22
What is 16 + (13 - (-22 - (-68 + -20)))?
-37
What is the value of (2 - 3 - (8 - (-13 - (-8 + -25)))) + -70?
-59
What is the value of 12 + (23 + 0 + -6 - 13)?
16
-72 + 80 + (-50 - -14)
-28
What is the value of 45 - ((-74 - 24) + 113)?
30
Evaluate -11 + (-67 - -32) + 60 + -5.
9
What is 10 + (1 - (12 - (-5 - -30)))?
24
(-15 - (-50 + 32) - 12) + -16 + 1 + -1
-25
What is the value of -4 + 5 + (-6 - -22) - (-2554 - -2455)?
116
Evaluate 212 - 299 - (-9 - 38).
-40
Calculate 111 - 51 - ((-12 - -3) + 2 - (-12 - -12)).
67
Calculate -135 + 7 + 59 + 0 + 7.
-62
Evaluate -66 + (-2 - (-17 + 5)) + 13.
-43
What is the value of -2 - -4 - 5 - 16 - (-200 - -203)?
-22
What is the value of 6 + 16 + -23 + 16 + -61?
-46
(8 + -3 - 5) + 8 - -115 - (32 - 32)
123
Evaluate -12 - (8 + -21) - (6 + 14).
-19
Calculate -4 - 43 - ((-1 - -1) + -3 + -2).
-42
What is the value of (60 - (-44 + 64)) + (1 - -27)?
68
12 + (10 - 30 - 7) - (-55 - -1)
39
Calculate -2 + (46 - 0) - (-192 - -214).
22
What is the value of (8 - 3) + 76 + -89 - -10 - 15?
-13
Evaluate (-8 - -69) + 